 - n. Let b = h - -3. Is b a prime number?
False
Let c(g) = 7*g + 6. Let x(l) = 8*l + 5. Let d(k) = 7*c(k) - 6*x(k). Let t be d(0). Suppose 13 + t = z. Is z a prime number?
False
Suppose 3*l - 236 - 792 = 4*h, -5*l = -3*h - 1706. Suppose -3*q + q = 3*r - 255, l = 4*r + q. Is r a composite number?
True
Suppose n - 151 - 111 = 0. Suppose -4*x + 22 = -n. Is x a composite number?
False
Suppose -5*r + 7 = 2. Suppose -r = -4*l + 15. Suppose 0 = -t - l*t + 185. Is t a prime number?
True
Let u = -2449 + 4092. Is u composite?
True
Let z be 143*-1*2/2. Let y = z - -222. Is y prime?
True
Let a(x) be the second derivative of x**3/2 - 2*x**2 - 4*x. Let q be a(3). Suppose -2*l = -q*l + 27. Is l composite?
True
Is 1*-2 + 15362*(-6)/(-12) a composite number?
True
Is ((-13628)/5)/(-2) - (-2)/10 composite?
True
Let v(f) = -3 + f + 4*f - 3. Is v(5) composite?
False
Is (-138115)/46*(-2)/5 a composite number?
False
Suppose 2*d = 4*d - 2098. Is d composite?
False
Let s(h) = 17*h + 5. Let u be s(7). Suppose 2*k - 2*i - u = 0, -3*k - i + 139 = -k. Is k prime?
True
Suppose 3*g = 4*g - 526. Is g a composite number?
True
Let t(c) = 19*c**3 + 2*c**2 - 2*c + 3. Is t(2) composite?
True
Let p(c) = c**2 - c + 52. Let o be p(0). Suppose h = -3*f + o, -h + f = -5*h + 153. Is h composite?
False
Suppose -1195 = 4*y - 5*y. Is y prime?
False
Is 2933/5 + 18/45 prime?
True
Let w = 26 + 227. Is w composite?
True
Suppose l + 7 = -5*k, -2 = -3*l - 5*k - 3. Suppose 2*i - l*x - 104 = 0, -2*i + 2*x + 35 = -71. Is i prime?
False
Let x(t) = -t**3 + 2*t**2 + 2*t - 2. Let m be x(3). Let l = 4 - m. Is l prime?
False
Let t(c) be the second derivative of c**5/20 + c**4/2 + 2*c**3/3 - c**2/2 + c. Let j be t(-5). Suppose -8*x = -j*x - 380. Is x a composite number?
True
Let k(u) = -u**3 + u**2 - 4*u - 1. Let o(a) = a**3 - a**2 + 3*a + 1. Let b(g) = -5*k(g) - 6*o(g). Let q be 2*(-1 + -1 - -1). Is b(q) a prime number?
True
Suppose -4*t - 152 = -6*t. Suppose 0 = -2*f + 153 + 235. Let j = f - t. Is j a prime number?
False
Suppose -5*i = -v - 0*v + 520, -3*v + 1645 = 2*i. Is (0 + 1)/(5/v) a composite number?
False
Suppose 0 = 4*j + 2*v + 3 - 11, 4*v - 11 = -3*j. Let f(z) be the first derivative of 18*z**2 - z - 1. Is f(j) composite?
True
Suppose -7*f - 530 = -9*f. Is f prime?
False
Suppose -6835 = -7*c + 15138. Is c a composite number?
True
Suppose -2*v - 25 = -279. Is v prime?
True
Suppose -5*i + 1721 = -344. Is i composite?
True
Suppose 0*g + 2*g = 388. Let o = g + -16. Is (-2)/((-4)/o)*1 a composite number?
False
Let x be (0 + -1 - 153)/(-1). Is ((-3)/(-2))/(7/x) a composite number?
True
Let y = 45 + -27. Suppose -3*l + y = -39. Is l a composite number?
False
Let n(w) = -5*w**3 + 4*w**2 + 2*w - 1. Let d(t) = -t**2 - 5*t - 2. Let u be d(-5). Is n(u) a prime number?
False
Suppose -m + 4 = 0, -h - m + 2114 = -6*h. Is h/(-5) - (-6)/10 composite?
True
Suppose 7 = -g - k, 0*g - 2*k = 5*g + 26. Is 2*2/g*-161 a prime number?
False
Let m = 970 + -383. Is m prime?
True
Suppose 0 = 16*i - 1890 - 4718. Is i a composite number?
True
Let n be 2 - 4/(8/(-58)). Let s = n + -16. Is s a composite number?
True
Suppose -9*q = -4*q. Suppose 0 = -4*v - 3*w + 7, w + q*w - 1 = -v. Suppose -v*a + 2*a = -14. Is a a prime number?
True
Let s = 401 + -142. Is s prime?
False
Let x be 9/(-6)*(-5 + -1). Let r(d) = d**3 - 7*d**2 - 1. Is r(x) prime?
False
Let o(p) = -11*p**3 - 12*p**2 + 2*p - 5. Let a(t) = -5*t**3 - 6*t**2 + t - 3. Let g(w) = 7*a(w) - 3*o(w). Is g(-5) composite?
False
Let j be (-9263)/(-7) - (-6)/(-21). Is (1/(-3))/((-9)/j) a prime number?
False
Let k = 11 + 5. Let d = k - 10. Suppose v = 0, -3*v + 212 = d*h - 2*h. Is h composite?
False
Let r be -18*((-15)/(-9))/(-5). Suppose 2*n - r = -n. Suppose n*q - 8 = 0, 3*q = 4*d - 9*d + 187. Is d a prime number?
False
Suppose -4*m + 3 + 5 = 0. Is m a composite number?
False
Suppose 3*x + 162 = -63. Let l = x + 296. Is l composite?
True
Let u = 290 + -166. Suppose -u - 41 = -3*k. Is k a prime number?
False
Let u(b) = b - 4. Let y be u(4). Suppose 5*k = -y + 10, 5*l = -4*k + 1273. Is l prime?
False
Let y = 4280 - 169. Is y a composite number?
False
Let t(b) = -402*b + 5. Is t(-7) a prime number?
True
Suppose -t = -3*t + 1262. Is t a composite number?
False
Is ((-586)/(-10))/((-9)/(-45)) composite?
False
Let j(p) = -116*p**3 + p**2 + p + 1. Let b be j(-1). Let o be b - 0 - (0 + 2). Suppose -o = 4*n - 335. Is n prime?
False
Suppose -4*d - 163 = -479. Is d a composite number?
False
Let s be -3 - ((-4)/(-2) - -32). Suppose 3*y + 292 = -4*w, -2*w = -y + w - 119. Let g = s - y. Is g a composite number?
False
Let k(q) = 7*q**2 - 18*q - 19. Let a(n) = n**2 - n - 1. Suppose -r - 1 = -4*i, -3*r - 2*i = 4 - 1. Let p(t) = r*k(t) + 6*a(t). Is p(10) composite?
True
Let j be (-30)/4*62/(-3). Let p = 2 + -2. Suppose -3*t - 2*t + j = p. Is t a composite number?
False
Let h(s) = -2*s - 1. Let p be h(-1). Suppose 29 = -5*o - p. Let v(l) = -l**2 - 12*l - 3. Is v(o) a composite number?
True
Let o(z) = 3*z**2 - 6*z + 4. Let d(k) = k - 4. Let p be d(8). Let c be o(p). Let b = 59 - c. Is b a composite number?
False
Suppose h - 12 = -3*j, -2*j + j = -5*h + 28. Let k(q) = 7*q - 8. Is k(h) composite?
True
Suppose j = -3*o - 26, -2*j - 6*o - 52 = -3*o. Let v = j - -65. Is v composite?
True
Suppose 0 = 6*v - 1650 - 1452. Is v a prime number?
False
Suppose 2*h = 2*n - 0*h, 5*h = 0. Suppose 4*o = 4*k + 356, 4*o - k - 2*k - 351 = n. Suppose -x - 5*f + o = 0, -4*x + 3*x + 88 = f. Is x a composite number?
False
Let f(r) = -r**2 - 4*r - 2. Let v be f(-2). Suppose 5 = v*t - 37. Is t a composite number?
True
Let b(i) = -37*i - 34. Let l(x) = -25*x - 23. Let u(d) = -5*b(d) + 7*l(d). Is u(7) prime?
True
Suppose 2110 = 12*p - 10*p. Is p prime?
False
Suppose 3*g - 3*k = 768, -2*k - 762 = -3*g - k. Is g composite?
True
Let o(s) = -222*s - 49. Is o(-5) composite?
False
Let j(w) = -w**3 + 6*w**2 - 6*w + 4. Let b be j(5). Let o = 6 - b. Is o a prime number?
True
Let n = -56 - -111. Is n a prime number?
False
Let p(n) = 1101*n + 13. Is p(4) prime?
False
Let j be -5 + 2 + (-489)/(-3). Suppose -2*i = -i - 4*s - 77, 2*i - j = 5*s. Is i a prime number?
False
Let p be (-6)/(-21) - (-65)/(-7). Let u be (-6)/p*-3*1. Is 267/u*8/(-12) prime?
True
Let d(k) = 29*k**2 + 15*k + 4. Let o(c) = 44*c**2 + 23*c + 6. Let f(a) = 8*d(a) - 5*o(a). Is f(-3) a composite number?
True
Let x = 995 - 588. Is x a prime number?
False
Let q = 1 + -8. Let x(j) = -j**2 - 9*j - 6. Let a be x(q). Is 2/3*1164/a prime?
True
Is (13 + -350)*(-1 + 0) a prime number?
True
Suppose -3 = 5*w - 18. Suppose w*k = 6*k - 27. Is k a composite number?
True
Suppose 0 = -5*z + 35011 - 796. Is z a prime number?
False
Let n = 330 + -163. Let p(c) = -c**3 + 5*c**2 - c - 3. Let s be p(-5). Let d = s - n. Is d prime?
False
Suppose -2*c - 14 = -3*q - 50, -4*q + 8 = 2*c. Suppose 3*w - 5*d = 127, -c = -2*d - d. Is w a composite number?
True
Is 22280/50 + (-6)/(-15) a prime number?
False
Let w = 164 - -23. Suppose -4*u + 33 = -w. Is u a composite number?
True
Suppose 6*u = -996 + 5610. Is u a composite number?
False
Is -1*1228/(-2) - 1 prime?
True
Let c be -7 + (-7)/((-14)/4). Let u(l) = -l**3 - 4*l**2 - 6*l. Is u(c) a prime number?
False
Suppose 4*r = 6527 - 283. Is r composite?
True
Suppose 14*m - 1876 = 10*m. Is m a composite number?
True
Suppose 3*k = 1737 + 345. Is k a composite number?
True
Let t = 231 - 100. Is t a composite number?
False
Let b(z) = -1 - 6 + z + 0 + z**2. Let g be b(0). Let n = g + 44. Is n composite?
False
Let a(i) = 178*i**2 + 15*i + 2. Is a(-3) a prime number?
True
Let c(d) = -d**3 - 2*d**2 + d + 3. Let w be c(-3). Let n(v) = -2 - v - 1 + w*v + 23*v. Is n(6) composite?
True
Let v = -5 - -8. Suppose -x - 12 = -v*x. Is 5*4*3/x prime?
False
Let m = -4 + 4. Is -1 - (-27 - (m + 0)) a composite number?
True
Let g(w) = 3936*w**2 + 5*w - 6. Is g(1) composite?
True
Let i be ((-2)/(-3))/(1/3). Suppose 2*r - 44 = -i*r. Is r a composite number?
False
Let v be (-6)/5 - 1/(-5). Let x = 18 + v. Suppose 5*r - 3*z = 110, x = 4*z - 3. Is r a prime number?
False
Let q be (2 - (0 + -2))/2. Let x be (-3 - q)*93/(-5). Suppose -4*i = -c + x, -6*i = -c - i + 88. Is c a composite number?
False
Let v be (-7)/3 - 1/(-3). Let i be -2 + v + 68 + 2. Is (-1)/((-3)/i)*1 prime?
False